{"id":3509,"date":"2019-08-20T17:36:07","date_gmt":"2019-08-20T20:36:07","guid":{"rendered":"https:\/\/www.dreamingdogs.com.br\/shop\/?page_id=3509"},"modified":"2023-04-18T15:15:43","modified_gmt":"2023-04-18T18:15:43","slug":"faqs-entrega","status":"publish","type":"page","link":"https:\/\/www.dreamingdogs.com.br\/shop\/faqs-entrega\/","title":{"rendered":"F.A.Q.s"},"content":{"rendered":"<div class=\"wpb-content-wrapper\"><p>[vc_row content_placement=&#8221;top&#8221; type=&#8221;boxed&#8221; css=&#8221;.vc_custom_1587059013189{margin-top: 40px !important;margin-right: 15% !important;margin-left: 15% !important;}&#8221;][vc_column width=&#8221;1\/6&#8243; offset=&#8221;vc_col-xs-6&#8243;][vc_btn title=&#8221;&#8221; style=&#8221;outline-custom&#8221; outline_custom_color=&#8221;rgba(102,102,102,0.01)&#8221; outline_custom_hover_background=&#8221;rgba(102,102,102,0.01)&#8221; outline_custom_hover_text=&#8221;rgba(255,255,255,0.01)&#8221; shape=&#8221;square&#8221; size=&#8221;lg&#8221; align=&#8221;center&#8221; css=&#8221;.vc_custom_1566417760835{background-image: url(https:\/\/www.dreamingdogs.com.br\/shop\/wp-content\/uploads\/2019\/08\/aduana.png?id=3493) !important;background-position: center !important;background-repeat: no-repeat !important;background-size: contain !important;}&#8221; link=&#8221;url:https%3A%2F%2Fwww.dreamingdogs.com.br%2Fshop%2Ffaqs%2F|title:Aduana%20e%20Impostos||&#8221;][vc_column_text css=&#8221;.vc_custom_1585250727535{margin-top: -18px !important;}&#8221;]<\/p>\n<p style=\"text-align: center; color: #005f96; font-size: 0.65em; letter-spacing: 0.1em;\">ADUANA E IMPOSTOS<\/p>\n<p>[\/vc_column_text][\/vc_column][vc_column width=&#8221;1\/6&#8243; offset=&#8221;vc_col-xs-6&#8243;][vc_btn title=&#8221;&#8221; style=&#8221;outline-custom&#8221; outline_custom_color=&#8221;rgba(102,102,102,0.01)&#8221; outline_custom_hover_background=&#8221;rgba(102,102,102,0.01)&#8221; outline_custom_hover_text=&#8221;rgba(255,255,255,0.01)&#8221; shape=&#8221;square&#8221; size=&#8221;lg&#8221; align=&#8221;center&#8221; css=&#8221;.vc_custom_1566417776210{background-image: url(https:\/\/www.dreamingdogs.com.br\/shop\/wp-content\/uploads\/2019\/08\/entrega.png?id=3498) !important;background-position: center !important;background-repeat: no-repeat !important;background-size: contain !important;}&#8221; link=&#8221;url:https%3A%2F%2Fwww.dreamingdogs.com.br%2Fshop%2Ffaqs-entrega%2F|title:Entrega||&#8221;][vc_column_text css=&#8221;.vc_custom_1585250761756{margin-top: -18px !important;}&#8221;]<\/p>\n<p style=\"text-align: center; color: #005f96; font-size: 0.65em; letter-spacing: 0.1em;\">ENTREGA<\/p>\n<p>[\/vc_column_text][\/vc_column][vc_column width=&#8221;1\/6&#8243; offset=&#8221;vc_col-xs-6&#8243;][vc_btn title=&#8221;&#8221; style=&#8221;outline-custom&#8221; outline_custom_color=&#8221;rgba(102,102,102,0.01)&#8221; outline_custom_hover_background=&#8221;rgba(102,102,102,0.01)&#8221; outline_custom_hover_text=&#8221;rgba(255,255,255,0.01)&#8221; shape=&#8221;square&#8221; size=&#8221;lg&#8221; align=&#8221;center&#8221; css=&#8221;.vc_custom_1566417790500{background-image: url(https:\/\/www.dreamingdogs.com.br\/shop\/wp-content\/uploads\/2019\/08\/pagamento.png?id=3500) !important;background-position: center !important;background-repeat: no-repeat !important;background-size: contain !important;}&#8221; link=&#8221;url:https%3A%2F%2Fwww.dreamingdogs.com.br%2Fshop%2Ffaqs-pagamento%2F|title:Pagamento||&#8221;][vc_column_text css=&#8221;.vc_custom_1585250786449{margin-top: -18px !important;}&#8221;]<\/p>\n<p style=\"text-align: center; color: #005f96; font-size: 0.65em; letter-spacing: 0.1em;\">PAGAMENTO<\/p>\n<p>[\/vc_column_text][\/vc_column][vc_column width=&#8221;1\/6&#8243; offset=&#8221;vc_col-xs-6&#8243;][vc_btn title=&#8221;&#8221; style=&#8221;outline-custom&#8221; outline_custom_color=&#8221;rgba(102,102,102,0.01)&#8221; outline_custom_hover_background=&#8221;rgba(102,102,102,0.01)&#8221; outline_custom_hover_text=&#8221;rgba(255,255,255,0.01)&#8221; shape=&#8221;square&#8221; size=&#8221;lg&#8221; align=&#8221;center&#8221; css=&#8221;.vc_custom_1566417802021{background-image: url(https:\/\/www.dreamingdogs.com.br\/shop\/wp-content\/uploads\/2019\/08\/ruling-pens.png?id=3505) !important;background-position: center !important;background-repeat: no-repeat !important;background-size: contain !important;}&#8221; link=&#8221;url:https%3A%2F%2Fwww.dreamingdogs.com.br%2Fshop%2Ffaqs-rulingpens%2F|title:Ruling%20pens||&#8221;][vc_column_text css=&#8221;.vc_custom_1585250800920{margin-top: -18px !important;}&#8221;]<\/p>\n<p style=\"text-align: center; color: #005f96; font-size: 0.65em; letter-spacing: 0.1em;\">RULING PENS<\/p>\n<p>[\/vc_column_text][\/vc_column][vc_column width=&#8221;1\/6&#8243; offset=&#8221;vc_col-xs-6&#8243;][vc_btn title=&#8221;&#8221; style=&#8221;outline-custom&#8221; outline_custom_color=&#8221;rgba(102,102,102,0.01)&#8221; outline_custom_hover_background=&#8221;rgba(102,102,102,0.01)&#8221; outline_custom_hover_text=&#8221;rgba(255,255,255,0.01)&#8221; shape=&#8221;square&#8221; size=&#8221;lg&#8221; align=&#8221;center&#8221; css=&#8221;.vc_custom_1566417820017{background-image: url(https:\/\/www.dreamingdogs.com.br\/shop\/wp-content\/uploads\/2019\/08\/devolucoes.png?id=3496) !important;background-position: center !important;background-repeat: no-repeat !important;background-size: contain !important;}&#8221; link=&#8221;url:https%3A%2F%2Fwww.dreamingdogs.com.br%2Fshop%2Ffaqs-trocas%2F|title:Trocas%20e%20devolu%C3%A7%C3%B5es||&#8221;][vc_column_text css=&#8221;.vc_custom_1585250845986{margin-top: -18px !important;}&#8221;]<\/p>\n<p style=\"text-align: center; color: #005f96; font-size: 0.65em; letter-spacing: 0.1em;\">TROCAS E DEVOLU\u00c7\u00d5ES<\/p>\n<p>[\/vc_column_text][\/vc_column][vc_column width=&#8221;1\/6&#8243; offset=&#8221;vc_col-xs-6&#8243;][vc_btn title=&#8221;&#8221; style=&#8221;outline-custom&#8221; outline_custom_color=&#8221;rgba(102,102,102,0.01)&#8221; outline_custom_hover_background=&#8221;rgba(102,102,102,0.01)&#8221; outline_custom_hover_text=&#8221;rgba(255,255,255,0.01)&#8221; shape=&#8221;square&#8221; size=&#8221;lg&#8221; align=&#8221;center&#8221; css=&#8221;.vc_custom_1585251939723{background-image: url(https:\/\/www.dreamingdogs.com.br\/shop\/wp-content\/uploads\/2020\/03\/privacidade.png?id=4735) !important;background-position: center !important;background-repeat: no-repeat !important;background-size: contain !important;}&#8221; link=&#8221;url:https%3A%2F%2Fwww.dreamingdogs.com.br%2Fshop%2Ffaqs-privacidade%2F|title:Trocas%20e%20devolu%C3%A7%C3%B5es||&#8221;][vc_column_text css=&#8221;.vc_custom_1585250869333{margin-top: -18px !important;}&#8221;]<\/p>\n<p style=\"text-align: center; color: #005f96; font-size: 0.65em; letter-spacing: 0.1em;\">PRIVACIDADE<\/p>\n<p>[\/vc_column_text][\/vc_column][\/vc_row][vc_row type=&#8221;boxed&#8221; background_style=&#8221;normal&#8221; css=&#8221;.vc_custom_1566333634807{margin-top: 15px !important;padding-right: 50px !important;padding-left: 50px !important;}&#8221;][vc_column width=&#8221;1\/12&#8243;][\/vc_column][vc_column width=&#8221;10\/12&#8243;][vc_column_text]<\/p>\n<h3><span style=\"color: #005f96;\"><strong>Informa\u00e7\u00f5es de entrega<\/strong><\/span><\/h3>\n<p>[\/vc_column_text][vc_row_inner css=&#8221;.vc_custom_1566411819442{margin-bottom: 20px !important;}&#8221;][vc_column_inner width=&#8221;1\/2&#8243; css=&#8221;.vc_custom_1443415906747{padding-right: 5% !important;padding-left: 10px !important;}&#8221;][vc_column_text]<span style=\"font-weight: bold; color: #005f96;\">Quais m\u00e9todos de entrega est\u00e3o dispon\u00edveis?<\/span><br \/>\nPara pedidos no Brasil, as op\u00e7\u00f5es de entrega s\u00e3o PAC e SEDEX, modalidades de envio dos Correios, e transportadora Jadlog.<\/p>\n<p>As entregas internacionais s\u00e3o feitas pela FedEx. O pre\u00e7o do frete varia de acordo com o peso do pedido e o pa\u00eds de entrega.[\/vc_column_text][vc_column_text]<span style=\"font-weight: bold; color: #005f96;\">Onde posso calcular o frete?<\/span><br \/>\nVoc\u00ea pode encontrar o frete diretamente no carrinho. Voc\u00ea n\u00e3o precisa finalizar o seu pedido para calcular a taxa de entrega.[\/vc_column_text][vc_column_text]<span style=\"font-weight: bold; color: #005f96;\">Onde posso rastrear meu pedido?<\/span><br \/>\nAssim que seu pedido for enviado, voc\u00ea receber\u00e1 um c\u00f3digo de rastreio por e-mail. Voc\u00ea tamb\u00e9m pode encontrar seu c\u00f3digo de rastreio na p\u00e1gina \u201cMinha conta\u201d.[\/vc_column_text][\/vc_column_inner][vc_column_inner width=&#8221;1\/2&#8243; css=&#8221;.vc_custom_1443415917948{padding-right: 5% !important;padding-left: 10px !important;}&#8221;][vc_column_text]<span style=\"font-weight: bold; color: #005f96;\">A Dreaming Dogs faz envios internacionais?<\/span><br \/>\nSim, n\u00f3s enviamos para diversos pa\u00edses do mundo. Voc\u00ea tamb\u00e9m pode encontrar nossos produtos com nossos revendedores, listados abaixo.<\/p>\n<p><span style=\"font-weight: 400;\"><br \/>\n<a href=\"https:\/\/www.kalligrafie.com\/en\/\" target=\"_blank\" rel=\"noopener noreferrer\">CalliArt \u2013 The Netherlands<\/a><br \/>\n<a href=\"https:\/\/calligrafun.com\/moblique\" target=\"_blank\" rel=\"noopener noreferrer\">Calligrafun \u2013 Poland<\/a><br \/>\n<a href=\"https:\/\/www.grafittiartes.com.br\/\" target=\"_blank\" rel=\"noopener noreferrer\">Grafitti Artes \u2013 Brasil<\/a><br \/>\n<a href=\"https:\/\/www.johnnealbooks.com\/\" target=\"_blank\" rel=\"noopener noreferrer\">John Neal \u2013 United States<\/a><br \/>\n<a href=\"https:\/\/www.lecalligraphe.com\/en\/\" target=\"_blank\" rel=\"noopener noreferrer\">Le Calligraphe \u2013 France<\/a><br \/>\n<a href=\"https:\/\/www.notjustacard.com\/\" target=\"_blank\" rel=\"noopener noreferrer\">Not Just a Card \u2013 Australia<\/a><br \/>\n<a href=\"https:\/\/www.papelariauniversitaria.com.br\/\" target=\"_blank\" rel=\"noopener noreferrer\">Papelaria Universit\u00e1ria \u2013 Brasil<\/a><br \/>\n<a href=\"https:\/\/www.scribblers.co.uk\/\" target=\"_blank\" rel=\"noopener noreferrer\">Scribblers \u2013 United Kingdom<\/a><br \/>\n<\/span>[\/vc_column_text][\/vc_column_inner][\/vc_row_inner][\/vc_column][vc_column width=&#8221;1\/12&#8243;][\/vc_column][\/vc_row]<\/p>\n<\/div>","protected":false},"excerpt":{"rendered":"<p>[vc_row content_placement=&#8221;top&#8221; type=&#8221;boxed&#8221; css=&#8221;.vc_custom_1587059013189{margin-top: 40px !important;margin-right: 15% !important;margin-left: 15% !important;}&#8221;][vc_column width=&#8221;1\/6&#8243; offset=&#8221;vc_col-xs-6&#8243;][vc_btn title=&#8221;&#8221; style=&#8221;outline-custom&#8221; outline_custom_color=&#8221;rgba(102,102,102,0.01)&#8221; outline_custom_hover_background=&#8221;rgba(102,102,102,0.01)&#8221; outline_custom_hover_text=&#8221;rgba(255,255,255,0.01)&#8221; shape=&#8221;square&#8221; size=&#8221;lg&#8221; align=&#8221;center&#8221; css=&#8221;.vc_custom_1566417760835{background-image: url(https:\/\/www.dreamingdogs.com.br\/shop\/wp-content\/uploads\/2019\/08\/aduana.png?id=3493) !important;background-position: center !important;background-repeat: no-repeat !important;background-size: contain !important;}&#8221; link=&#8221;url:https%3A%2F%2Fwww.dreamingdogs.com.br%2Fshop%2Ffaqs%2F|title:Aduana%20e%20Impostos||&#8221;][vc_column_text css=&#8221;.vc_custom_1585250727535{margin-top: -18px !important;}&#8221;] ADUANA E IMPOSTOS [\/vc_column_text][\/vc_column][vc_column width=&#8221;1\/6&#8243; offset=&#8221;vc_col-xs-6&#8243;][vc_btn title=&#8221;&#8221; style=&#8221;outline-custom&#8221; outline_custom_color=&#8221;rgba(102,102,102,0.01)&#8221; outline_custom_hover_background=&#8221;rgba(102,102,102,0.01)&#8221; outline_custom_hover_text=&#8221;rgba(255,255,255,0.01)&#8221; shape=&#8221;square&#8221; size=&#8221;lg&#8221; align=&#8221;center&#8221; css=&#8221;.vc_custom_1566417776210{background-image: url(https:\/\/www.dreamingdogs.com.br\/shop\/wp-content\/uploads\/2019\/08\/entrega.png?id=3498) !important;background-position: center !important;background-repeat: no-repeat !important;background-size: contain [&hellip;]<\/p>\n","protected":false},"author":1,"featured_media":0,"parent":0,"menu_order":0,"comment_status":"closed","ping_status":"closed","template":"page-full-width.php","meta":{"footnotes":""},"class_list":["post-3509","page","type-page","status-publish","hentry"],"_links":{"self":[{"href":"https:\/\/www.dreamingdogs.com.br\/shop\/wp-json\/wp\/v2\/pages\/3509","targetHints":{"allow":["GET"]}}],"collection":[{"href":"https:\/\/www.dreamingdogs.com.br\/shop\/wp-json\/wp\/v2\/pages"}],"about":[{"href":"https:\/\/www.dreamingdogs.com.br\/shop\/wp-json\/wp\/v2\/types\/page"}],"author":[{"embeddable":true,"href":"https:\/\/www.dreamingdogs.com.br\/shop\/wp-json\/wp\/v2\/users\/1"}],"replies":[{"embeddable":true,"href":"https:\/\/www.dreamingdogs.com.br\/shop\/wp-json\/wp\/v2\/comments?post=3509"}],"version-history":[{"count":16,"href":"https:\/\/www.dreamingdogs.com.br\/shop\/wp-json\/wp\/v2\/pages\/3509\/revisions"}],"predecessor-version":[{"id":5531,"href":"https:\/\/www.dreamingdogs.com.br\/shop\/wp-json\/wp\/v2\/pages\/3509\/revisions\/5531"}],"wp:attachment":[{"href":"https:\/\/www.dreamingdogs.com.br\/shop\/wp-json\/wp\/v2\/media?parent=3509"}],"curies":[{"name":"wp","href":"https:\/\/api.w.org\/{rel}","templated":true}]}}